49
What is the remainder when 152 is divided by 27?
17
Calculate the remainder when 554 is divided by 62.
58
Calculate the remainder when 54 is divided by 27.
0
Calculate the remainder when 57 is divided by 33.
24
What is the remainder when 42 is divided by 9?
6
Calculate the remainder when 162 is divided by 15.
12
Calculate the remainder when 4734 is divided by 148.
146
What is the remainder when 173 is divided by 58?
57
What is the remainder when 770 is divided by 584?
186
Calculate the remainder when 207 is divided by 4.
3
What is the remainder when 4976 is divided by 79?
78
Calculate the remainder when 4916 is divided by 2452.
12
What is the remainder when 1121 is divided by 24?
17
Calculate the remainder when 146 is divided by 128.
18
Calculate the remainder when 9310 is divided by 48.
46
Calculate the remainder when 1185 is divided by 41.
37
What is the remainder when 281 is divided by 281?
0
Calculate the remainder when 661 is divided by 166.
163
Calculate the remainder when 72 is divided by 15.
12
What is the remainder when 84 is divided by 30?
24
What is the remainder when 257 is divided by 129?
128
Calculate the remainder when 227 is divided by 226.
1
What is the remainder when 70 is divided by 15?
10
Calculate the remainder when 167 is divided by 58.
51
Calculate the remainder when 628 is divided by 18.
16
What is the remainder when 1474 is divided by 114?
106
Calculate the remainder when 401 is divided by 97.
13
Calculate the remainder when 1884 is divided by 16.
12
Calculate the remainder when 2156 is divided by 60.
56
What is the remainder when 2279 is divided by 479?
363
Calculate the remainder when 85 is divided by 6.
1
What is the remainder when 2279 is divided by 163?
160
What is the remainder when 1339 is divided by 19?
9
Calculate the remainder when 839 is divided by 35.
34
Calculate the remainder when 130 is divided by 67.
63
Calculate the remainder when 5715 is divided by 22.
17
Calculate the remainder when 1386 is divided by 45.
36
What is the remainder when 460 is divided by 97?
72
What is the remainder when 1605 is divided by 33?
21
What is the remainder when 63 is divided by 7?
0
What is the remainder when 174 is divided by 38?
22
Calculate the remainder when 41 is divided by 28.
13
What is the remainder when 15546 is divided by 27?
21
What is the remainder when 1142 is divided by 548?
46
What is the remainder when 154 is divided by 29?
9
What is the remainder when 1912 is divided by 87?
85
Calculate the remainder when 417 is divided by 58.
11
Calculate the remainder when 18 is divided by 5.
3
What is the remainder when 341 is divided by 71?
57
Calculate the remainder when 158 is divided by 88.
70
Calculate the remainder when 250 is divided by 24.
10
What is the remainder when 825 is divided by 64?
57
Calculate the remainder when 362 is divided by 99.
65
What is the remainder when 3882 is divided by 35?
32
Calculate the remainder when 558 is divided by 16.
14
What is the remainder when 850 is divided by 45?
40
Calculate the remainder when 158 is divided by 51.
5
Calculate the remainder when 4827 is divided by 70.
67
What is the remainder when 3077 is divided by 38?
37
What is the remainder when 197 is divided by 29?
23
What is the remainder when 79 is divided by 4?
3
Calculate the remainder when 119 is divided by 38.
5
Calculate the remainder when 2127 is divided by 176.
15
What is the remainder when 80 is divided by 38?
4
What is the remainder when 483 is divided by 261?
222
What is the remainder when 4701 is divided by 42?
39
Calculate the remainder when 135 is divided by 3.
0
What is the remainder when 5850 is divided by 244?
238
What is the remainder when 5364 is divided by 300?
264
What is the remainder when 189 is divided by 97?
92
Calculate the remainder when 764 is divided by 22.
16
Calculate the remainder when 10267 is divided by 13.
10
Calculate the remainder when 338 is divided by 91.
65
Calculate the remainder when 3340 is divided by 67.
57
Calculate the remainder when 226 is divided by 67.
25
Calculate the remainder when 1421 is divided by 62.
57
Calculate the remainder when 339 is divided by 43.
38
Calculate the remainder when 1211 is divided by 58.
51
Calculate the remainder when 1326 is divided by 19.
15
Calculate the remainder when 7611 is divided by 22.
21
Calculate the remainder when 30006 is divided by 88.
86
What is the remainder when 3117 is divided by 15?
12
Calculate the remainder when 911 is divided by 22.
9
What is the remainder when 27047 is divided by 196?
195
Calculate the remainder when 1520 is divided by 13.
12
Calculate the remainder when 154 is divided by 79.
75
What is the remainder when 91 is divided by 61?
30
Calculate the remainder when 13883 is divided by 15.
8
Calculate the remainder when 50 is divided by 20.
10
What is the remainder when 1913 is divided by 87?
86
What is the remainder when 4724 is divided by 786?
8
Calculate the remainder when 321 is divided by 111.
99
What is the remainder when 150 is divided by 3?
0
Calculate the remainder when 392 is divided by 37.
22
Calculate the remainder when 70 is divided by 9.
7
Calculate the remainder when 175 is divided by 22.
21
Calculate the remainder when 1103 is divided by 290.
233
What is the remainder when 36 is divided by 6?
0
What is the remainder when 158 is divided by 34?
22
What is the remainder when 194 is divided by 101?
93
Calculate the remainder when 2418 is divided by 9.
6
What is the remainder when 141 is divided by 4?
1
What is the remainder when 324 is divided by 82?
78
What is the remainder when 151 is divided by 17?
15
What is the remainder when 159 is divided by 54?
51
Calculate the remainder when 234 is divided by 89.
56
What is the remainder when 651 is divided by 64?
11
What is the remainder when 473 is divided by 68?
65
What is the remainder when 1192 is divided by 35?
2
Calculate the remainder when 161 is divided by 60.
41
What is the remainder when 175 is divided by 28?
7
What is the remainder when 6024 is divided by 22?
18
What is the remainder when 89 is divided by 18?
17
Calculate the remainder when 584 is divided by 63.
17
What is the remainder when 478 is divided by 215?
48
What is the remainder when 674 is divided by 538?
136
Calculate the remainder when 54 is divided by 43.
11
Calculate the remainder when 214 is divided by 17.
10
What is the remainder when 227 is divided by 118?
109
What is the remainder when 462 is divided by 223?
16
What is the remainder when 17783 is divided by 104?
103
What is the remainder when 88 is divided by 16?
8
Calculate the remainder when 1030 is divided by 340.
10
What is the remainder when 18 is divided by 10?
8
What is the remainder when 2343 is divided by 462?
33
Calculate the remainder when 309 is divided by 89.
42
What is the remainder when 91 is divided by 76?
15
What is the remainder when 767 is divided by 18?
11
What is the remainder when 8619 is divided by 4308?
3
What is the remainder when 428 is divided by 36?
32
What is the remainder when 4198 is divided by 17?
16
What is the remainder when 2224 is divided by 131?
128
What is the remainder when 1250 is divided by 123?
20
Calculate the remainder when 27 is divided by 5.
2
Calculate the remainder when 6913 is divided by 25.
13
Calculate the remainder when 193 is divided by 70.
53
Calculate the remainder when 221 is divided by 217.
4
Calculate the remainder when 175 is divided by 36.
31
Calculate the remainder when 447 is divided by 64.
63
Calculate the remainder when 1676 is divided by 38.
4
What is the remainder when 1706 is divided by 18?
14
Calculate the remainder when 1842 is divided by 19.
18
Calculate the remainder when 257 is divided by 70.
47
Calculate the remainder when 274 is divided by 271.
3
What is the remainder when 966 is divided by 72?
30
What is the remainder when 473 is divided by 125?
98
What is the remainder when 2849 is divided by 60?
29
What is the remainder when 317 is divided by 100?
17
What is the remainder when 63 is divided by 4?
3
What is the remainder when 709 is divided by 71?
70
Calculate the remainder when 3252 is divided by 362.
356
What is the remainder when 820 is divided by 139?
125
What is the remainder when 64 is divided by 39?
25
Calculate the remainder when 631 is di